st derivative of -1/2*o**2 - 13*o + g. Give t(-8).
-5
Let l(t) = -t. Let i be (2/(1 - -3))/(1/4). Suppose -i*r + r - 4 = 0. Let p(o) = -3*o. Let f(y) = r*p(y) + 14*l(y). Determine f(-1).
2
Let w(h) be the second derivative of -h**5/20 + h**4/2 + 11*h**3/6 - 19*h**2/2 + 2*h - 3038. What is w(7)?
9
Suppose -l - 3*l = -3*b + 220, 0 = -l - 3*b - 40. Let h = l + 50. Let q(m) = 2*m**2 + m + m - 3*m**3 + 2*m**3 + 2. Calculate q(h).
14
Let x(w) = -w**2 - 11*w - 7. Let h be x(-10). Let r(m) = 11*m**3 - 2*m + 4*m**h + m. Let q(d) = d**2 - 195*d + 1315. Let y be q(7). What is r(y)?
-14
Let f(w) = -w**3 - w**2 - 15. Let q(u) = 3*u**3 - 1. Let p be q(1). Suppose -11*m - p*m = 0. Give f(m).
-15
Suppose -25 = 5*n, 0 = -2*t - 3*n - 2*n - 13. Let r(o) = 0*o - t*o + 3*o - 2 + 4*o. Give r(7).
5
Let m(w) be the second derivative of w**4/12 + w**3/3 - 3*w**2/2 + 2*w. Suppose d + 6*z - 9866 = -9776, 3*d + 3*z - 45 = 0. Calculate m(d).
-3
Let l(d) be the first derivative of -d**2/2 + 28*d - 1538. Calculate l(0).
28
Let a(y) be the third derivative of y**4/3 - 179*y**3/6 - y**2 - 4*y + 10. What is a(22)?
-3
Let a(i) = 3*i**2 + 6*i + 5. Suppose 0 = 8*b + 134 - 269 + 143. Calculate a(b).
2
Let h(z) be the second derivative of -z**7/280 - z**6/180 - z**5/60 - z**4/8 + 15*z**3/2 - 25*z + 1. Let r(j) be the second derivative of h(j). Give r(-2).
17
Let c(w) be the first derivative of -w**4/4 + 2*w**3/3 + 2*w**2 - 5*w - 1785. Calculate c(3).
-2
Let c be ((-6)/3 + -2)*1. Let z(s) = s**2 + s - 5. Let f be z(c). Let d(x) = -10 + 0 + 254*x - 252*x. Determine d(f).
4
Let w be -5 + (4 + -1)*-1. Let y(u) = u + 10. Let s be y(w). Let b(g) = 0*g + 2*g**2 - g**s - 8 - 4*g + 3. Give b(5).
0
Let k = -4 + 6. Suppose 12*c - 3*c = 27. Let u(b) = -2*b**2 + 42 - 2*b**c - 21 + 3*b**2 - 20. Determine u(k).
-11
Let q(w) = 6*w**2 + w + 7. Let d(y) = -y**2 + 1. Suppose 0*t + 4*t = -72. Let i be 12/t + (-1)/3. Let a(h) = i*q(h) - 5*d(h). Determine a(0).
-12
Let q be (-392)/(-21) + (-2)/(-6). Let d = q + -25. Let u(j) = 1 - 5*j - 10*j + 24*j - 3*j - 7*j. Determine u(d).
7
Let d(s) = -11*s**3 + 5*s + 20*s**3 - 2*s**2 - 10*s**3 + 18 + 9*s**2. Suppose 5*i + 822 = -5*f + 827, 6 = -i - 2*f. Determine d(i).
-6
Let w(f) = -f**3 - f + 3 + 7*f**2 + f. Let p be -17 - -5*24/(-210)*-42. Give w(p).
3
Let z(b) = b**3 - b**2 - 5*b + 4. Let r(s) = s**2 + 15*s + 21. Let k be r(-14). Let j be (-6)/3 - (-161)/k. Let v be (-6)/j + (-115)/(-35). Give z(v).
7
Let d(x) be the first derivative of -13/2*x**2 - 19 + 1/8*x**4 + 1/2*x**3 + 0*x. Let y(a) be the second derivative of d(a). What is y(-4)?
-9
Let l(y) be the third derivative of 1/120*y**6 + 0 + 0*y - y**2 + 0*y**5 + 1/3*y**3 - 1/24*y**4. Suppose -3*f + 15 = 0, 16 = -2*k - 2*f + 4*f. Calculate l(k).
-22
Let b(q) be the third derivative of -q**7/1260 + q**5/40 + 19*q**4/24 + 5*q**3/6 + 6*q**2 + 8. Let a(g) be the second derivative of b(g). Give a(-2).
-5
Let v(n) be the second derivative of -2*n**3/3 - n**2/2 - n. Let p be 3 + ((-8)/(24/(-9)))/3. Suppose 45 = -p*u - 11*u. Calculate v(u).
11
Suppose 1830 = 32*f + 1990. Let y(j) = 4*j**2 + 19*j - 15. What is y(f)?
-10
Let a(u) be the second derivative of u**5/20 - 13*u**4/12 + u**3/6 - 17*u**2/2 - 6*u. Suppose -56*m + 63*m = 91. Calculate a(m).
-4
Let m(t) = 3*t**2 - 16*t - 5. Let l(j) = -j**3 - 39*j**2 + 82*j + 18. Let r be l(-41). Let a be -11 + 155/9 + (-4)/r. Determine m(a).
7
Let c(p) = -1061*p + 1062. Let l be c(1). Let d(q) = 4*q**3 - 2*q**2 + 1. Determine d(l).
3
Let b(r) = -7 - 43333*r + 43334*r - r**2 + 4*r**2 + 4*r**3. Determine b(0).
-7
Let v(y) = -5477*y - 5*y**2 + 16416*y - 5470*y - 5470*y + 10. Determine v(-3).
-32
Let d(c) = -5 + 1244378*c - 1244379*c - 38. Determine d(-26).
-17
Let q be -2*(-1)/6 + (-676)/(-78). Let i(b) = -2*b + 19. Determine i(q).
1
Suppose 3*s + 0*s = 24. Suppose 0*h = h - 4. Let w(x) = -1 + h - 4 - x + 7. What is w(s)?
-2
Let x be (2/(-1) - -3)*11/(-1). Let k(p) = -p**3 - 11*p**2 + p + 8. Determine k(x).
-3
Let k(i) = i + 4. Let o(a) = 2*a**2 + 6*a + 11. Suppose 1 = -g - 3, 4 = 4*b - 3*g. Let x be o(b). What is k(x)?
11
Let s(a) = a**3 + 6*a**2 + 6*a - 7. Suppose -6*w = 6*w - 48. Suppose w*p - 30 = -46. Determine s(p).
1
Suppose -c + 0 + 1 = 0. Let n(p) = -p**3 - 4*p - 3. Let r(j) = -5*j - 4. Let x(y) = 5*y**2 - 3*y + 1. Let q be x(1). Let z(b) = q*r(b) - 4*n(b). Calculate z(c).
5
Let f(k) = k**2 + 2*k + 3. Suppose -2*j + 94 = 4*z, 0 = -5*j + 5. Suppose 5*s + z = 2*i - 5*i, -28 = 5*i - 2*s. Let p be (-4)/(4 + i + 4). Calculate f(p).
3
Let l(a) be the third derivative of -a**5/20 - 11*a**4/24 + 4*a**3/3 - 81*a**2. Let t be l(0). Let c(m) = 5*m - 28. What is c(t)?
12
Let f = 3366 + -3371. Let i(v) = 5*v + 28. Give i(f).
3
Let w(c) = -c**3 - 25*c**2 - 113*c + 13. Let j be ((-80)/(-48) - (-5)/(-30))*190/(-15). Determine w(j).
-6
Let l(p) = -5*p**3 + p**2 + 5*p - 4. Suppose 41*q - 23 = 2*i + 46*q, 0 = i + 5*q + 24. Calculate l(i).
-3
Let y(n) = -n**2 + 9*n - 2. Let q(x) be the second derivative of x**5/20 + x**4/4 - x**3/2 + 40*x. Let r be q(-3). Calculate y(r).
-2
Let q(p) = -4*p**2 - 26 + 5 - 27*p + 14 - 3 - 2. Calculate q(-6).
6
Let j(d) = -5*d**2 + 2*d. Let b(k) = -10*k + 64. Let i be b(6). Calculate j(i).
-72
Let d(f) be the first derivative of -f**4/2 - 7*f**3 - 9*f**2/2 + 4*f + 69. Let a be d(-10). Let m(l) = -l**2 - 6*l - 7. What is m(a)?
-7
Let s be (-19)/(38/(-4)) - (1 + 0). Let c(k) = k. Let t(y) = 4*y - 4. Let p(f) = s*t(f) + 3*c(f). Determine p(4).
24
Let s(a) = 47*a**2 + 22*a - 97. Let f(k) = 17*k**2 + 7*k - 32. Let n(c) = -11*f(c) + 4*s(c). Determine n(-13).
-10
Let s = 10777 + -10774. Let f(y) = -y**2 - 15*y + 59. Give f(s).
5
Suppose -3*o - 67 = 5*u, -16 = u + o - 3. Let l = u - -15. Let x(q) be the first derivative of q**3 - q - 124. Determine x(l).
2
Let i(o) = -o**3 - 11*o**2 - 29*o - 37. Let h be i(-8). Let z(m) = 2*m**3 - 3*m**2 + 2*m. Give z(h).
33
Let a(t) = -3*t + 9 + 2*t - 3. Suppose 415*n - 88 = -2163. What is a(n)?
11
Let j(h) = 5*h - 25. Let x be j(6). Let b(k) = -26*k - 28*k - 35*k + 7 + 85*k. Calculate b(x).
-13
Let r(l) = -l - 1. Let b(z) = -2*z**2 + 21*z - 14. Let u be b(10). Let s(n) = 5*n - 1. Let q(d) = u*r(d) - s(d). Give q(6).
-1
Suppose 0*j + 5*j + 5*r = 55, -28 = -4*j + 4*r. Suppose 4*k + 6 = 2*y + 14, k - 4*y = j. Let b(q) = 2*q**2 + 2*q - 1. Calculate b(k).
3
Let x(s) = -5*s + 42. Let b = 33443 + -33432. Calculate x(b).
-13
Let v(r) = -5*r - 39*r**2 + 32*r**2 - r + 32*r - r**3 + 21. Give v(-10).
61
Let v(a) = -3*a + 33. Let o(j) = -j + 11. Let y = 1 - 4. Let i(t) = y*v(t) + 8*o(t). Let r = 55 - 46. What is i(r)?
-2
Suppose 2*k + 5*r = 5*k + 14, 10 = -k + 3*r. Let f be 1 + k - ((-18)/(-6) - 2). Let y(o) = -15*o**2 + 45*o**2 - o - 18*o**2 - 11*o**f - 8. Calculate y(0).
-8
Let v(a) = 2*a - 9. Let t(b) = b**2 + 8*b - 38. Let p be t(-13). Let z be 3/(9/7)*p/9. Give v(z).
5
Let j(v) be the first derivative of v**2/2 - 7*v - 115. Let y(q) = -1. Let b(l) = -j(l) + 3*y(l). Calculate b(8).
-4
Suppose -4*s + c + 12 = 0, -3 = s - 2*s - 2*c. Let g(k) = 2*k**3 - 5*k**2. Let w(l) = l**3 - 5*l**2 - l + 1. Let x(o) = s*w(o) - 2*g(o). Give x(-3).
-6
Let s(c) be the third derivative of 7*c**4/24 - 5*c**3/3 - 1457*c**2. What is s(12)?
74
Suppose -3*s - 28 - 8 = 0. Let w(g) = 8*g**3 + 13*g**2 - 4. Let u(o) = -7*o**3 - o**2 - 1. Let z(b) = u(b) + w(b). What is z(s)?
-5
Suppose -y - 31 = 2*b, -14*y + b - 202 - 29 = 0. Let p(k) = -11*k - 190. Determine p(y).
-3
Let k(l) = 4354*l + 11*l**2 - 7*l**2 - 2173*l - 2181*l. Suppose 2*c + 8 = u + 2, -4*c - 6 = u. Determine k(u).
16
Let t(v) = 2*v - 33. Let r be 266/(-21)*(-150)/100. Calculate t(r).
5
Let c(x) = -x**3 + 3*x**2 + x - 1. Let z = 10 - 4. Suppose z*f - 29 + 5 = 0. Suppose -t = -f*g + 16, 0 = -g - 0*g + 5. What is c(t)?
-13
Let t(d) = -d + 6*d**2 + 2*d**3 - d**3 - 15*d + 0*d**3 + 6. Suppose -1732 = 107*k + 100*k - 76. Give t(k).
6
Let r(u) = -3*u - 24. Let a(i) = -i**3 + 5*i**2 - 3*i + 107. Let c be a(7). Determine r(c).
12
Let q(f) = -f**2 - 7*f - 6. Let k(o) = -42 - 48 + 72*o + 17*o - 19*o + 16. Let b be k(1). Give q(b).
6
Let r(n) be the second derivative of -7*n**4/24 + 2*n**3/3 + 31*n**2 - 6*n. Let c(x) be the first derivative of r(x). What is c(3)?
-17
Let t be (24/15)/(9/(-90)*4). Let a(c) = 4*c**2 + 5